t is the value of -22 + (-12 - -20) + (1 - 0) - -4?
-9
Evaluate -22 + (154 - 156) + 78.
54
What is (-150 - -132 - -103) + -213?
-128
Calculate (-59 + 27 - (37 - 8)) + 14.
-47
0 - -7 - (-35 + 24 + -11 + 37)
-8
What is (25 - (12 + -2 + -2)) + 17 + -28?
6
Calculate (2 - (1 - -4)) + (347 - 297) - 11.
36
What is the value of (-3 - 17 - (-4 - 0)) + 210 + -216?
-22
13 - 13 - (-12 - (8 - 2 - 8))
10
Calculate -3 + 20 + -54 + 65 - 7.
21
Evaluate -190 + 138 + (88 - 10).
26
Evaluate (3 - 3 - (15 - -4)) + 11.
-8
What is the value of -51 + (-3 + 21 - (47 - 46))?
-34
Calculate -19 - (113 - 133 - (-4 + 36)).
33
-12 + 40 + 0 + 2 - (-8 + 9)
29
-37 + (225 - 190) - (-1 - (-110 + -2))
-113
Evaluate -1 + 19 + 17 + -6 + 1.
30
Calculate 104 + (-152 - -32) - 101.
-117
-26 + -5 - (-75 - (-37 - -40))
47
What is the value of (-12 - 88 - 1) + (11 - -21)?
-69
What is the value of (65 - -10) + -18 + 12 + -18 + 17?
68
(52 - -45) + -92 - (-10 - 1)
16
What is -2 + 0 + (87 - (254 + -110))?
-59
3 + 90 + 230 + -277
46
What is the value of 3 + -2 + -119 - (-9379 + 9372)?
-111
What is -53 - -42 - (-38 + 0 + -9 + 18 + -14)?
32
Evaluate -52 + (-33 - -28) + 31.
-26
1 + (14 - 1) + (176 - 143 - (17 - -111))
-81
What is 0 + 2 - (23 + -38 - -6)?
11
What is the value of 20 + 2 + 7 + -107 + 80?
2
Evaluate (-3 + 29 - (-34 - -89)) + 23.
-6
What is (2 + -1 + -1 - -43) + -215 + 340 + -129?
39
Calculate -12 - -19 - (48 - 35) - -67.
61
What is -2 + 15 + -733 + 711?
-9
Calculate (62 - (-52 - -104)) + (0 - 28) + 8.
-10
What is -30 + 9 + -7 + 8 + 8 + -26?
-38
What is -17 + (-1 + -10 - (27 + -20 + -17 + -12))?
-6
What is the value of (139 - 113) + (0 - -80) + -35?
71
1 + -24 + 23 - (54 + 1 - (-26 + 27))
-54
689 - 749 - (-14 - 4)
-42
Calculate 21 - 19 - (29 - 31) - 19.
-15
58 + -155 - -27 - -27
-43
22 + -1 - (-84 - -94)
11
What is (-6 - (-8 + 8)) + (42 - 38) - 22?
-24
Calculate (-2 + 4 - 1) + (-62 - (-86 + 23)).
2
Calculate (-11 - -55) + -75 + 13 + (0 - -63).
45
What is 1 + -11 + (-175 - -230) + -80?
-35
What is the value of -57 + -34 + 82 - (20 + (-1 - 2))?
-26
Evaluate (-23 - -41) + -57 + 36 - -52.
49
What is 3 + 17 + (-1445 - -1439)?
14
What is -36 + -71 + 96 + -1 + 84 + -9?
63
Calculate 42 + -188 - -186 - 65.
-25
Calculate 29 + -64 + 27 - (-9 - (2 + -2)).
1
Evaluate 4 + -19 + (-15 - (12 + -76)).
34
What is the value of (-3 + 1 - -39) + 26 + (0 - 2) + -10?
51
6 - 0 - (-5 - -14) - (6 - (-4 - -8))
-5
Calculate -11 + (156 - (80 - -5 - 80 - (-4 + -1))).
135
Evaluate (2 + -6 - 12 - -15 - (-4 + 2)) + -3.
-2
-12 - (206 - 261 - (0 - 14))
29
Evaluate 1 - (-22 + -45 + 44) - -28.
52
What is the value of 1 + 21 + (256 - (260 + -57))?
75
What is the value of (-61 - -89 - 78) + -17?
-67
Calculate 95 + (-85 - -29 - -23) + 50.
112
Calculate (2 - 11) + (-841 - -854).
4
Calculate 93 - (-44 + 66 - 46).
117
What is the value of -33 - ((-5 - -33 - 0) + -25)?
-36
What is -36 + -37 + (-76 - -86)?
-63
Calculate 14 + (0 - 38) + (-387 - -369).
-42
Calculate (14 + -26 - -6) + 21 + 2 + -68.
-51
What is the value of 166 + 23 + -83 - (17 - (3 + -4 + 3))?
91
What is 58 - 56 - (14 - (5 + 18 - 5))?
6
-85 + 118 - (4 - (12 + 1 - (3 - -1)))
38
What is the value of 3 + 0 + -26 + 2849 + -2826?
0
Evaluate (-2 + 1 - (-4 + 36)) + 92 + -99.
-40
What is the value of 11 + 19 + -3 + 3 + -5 + 11?
36
10 + (-4 - -2 - (28 - (27 + 3)))
10
What is 38 - (8 + (-28 - -20) + 11)?
27
Calculate (-8929 - -8854) + 21 + 0.
-54
What is the value of 24 + -38 - ((16 - -5) + -15 - (1 + 0))?
-19
What is the value of -44 - (1 - -1 - (73 + -59 - (16 - -2)))?
-50
3 + -39 - (180 - 92 - 107)
-17
Calculate (-112 - 1 - (-556 + 572)) + -21 + 20.
-130
Calculate -2 + 7 + 44 + 14 + -46 - (-8 - 1).
26
What is the value of -83 + (-1 - (-9 - -4 - (-1 - -8)))?
-72
What is 63 + -221 - (145 + -170)?
-133
Calculate (-50 - -50 - 70) + 34.
-36
What is the value of 13 - ((-10 - (10 - 7)) + 12)?
14
Evaluate (-25 + -3 - -19 - 40) + -44.
-93
Evaluate 5 + -4 + 2 + -4 + 71 + (-74 - -31).
27
Calculate -12 + (-9 - (1 - 17)) + -54.
-59
What is 5 + (441 + -448 - (-1 - (-2 + 36)))?
33
What is the value of (39 - 59 - (16 - 47)) + -1 + 84?
94
Calculate 5 - (39 + (-16 - 47)).
29
Calculate 46 + -3 + -3 + (5 + 14 - (37 + -28)).
50
What is -46 + (153 - (-92 - -140))?
59
Evaluate 89 + 2 + 35 + (4 - 33) - (-6 + 1).
102
Calculate -76 - -4 - (80 + -91).
-61
What is the value of (3 - (140 - 28)) + 122?
13
Evaluate 3418 + -3409 - (0 + 80).
-71
What is the value of 17 + (12 - (6 + 27)) + -6?
-10
What is the value of 1 - -18 - (30 - -66) - -21?
-56
What is the value of 180 - 180 - (1 + 42 + 4)?
-47
-60 + (-74 - -57) + 27
-50
Calculate (11 - (-17 - (-26 - 5))) + (1 - -51).
49
(1 - 3 - (7 - 2)) + -3 + -93 + 7
-96
61 + (-84 - -78) - 127
-72
((-1 - 9) + 195 + -200 - -30) + 0 + -64
-49
What is the value of 72 - (30 + (-16 - (-5 - (-3 + -8))))?
64
Evaluate 1 - 29 - (140 + -87 + -52).
-29
What is -55 + 68 - (5 + -43 - 3)?
54
Calculate (49 - 103) + 68 + -2.
12
Evaluate 100 + -94 + 62 - 23.
45
What is the value of 0 - -33 - (243 - (6 - -138))?
-66
Evaluate 34 - (-40 - (42 + (-23 - -1))).
94
-1 - 14 - (33 - (15 + 61))
28
What is -1 - -1 - -24 - (-4858 + 4922)?
-40
Calculate -34 + (6 - -35 - 20).
-13
What is -8 - ((14 - 45) + 61 + 25)?
-63
What is -45 + (16 + -43 - -126)?
54
Calculate 40 + (141 + -149 + (10 - 0) - 7).
35
Evaluate -28 + (15 + 15 - -4) - (15 + (4 - 1)).
-12
Evaluate (11 + 33 + -18 - (-1 - 4) - 11) + -1.
19
What is -8 - -2 - ((-8 - (-13 - -6)) + 4)?
-9
-3 + 2 + -13 + 10 + (4 - (1 - -8))
-9
What is (-4 - 0) + 1203 + -1281 + -25?
-107
Evaluate 17 - 8 - (-3 + -3 + (-5 - -15)).
5
Evaluate (-1 - -22) + (-388 - -427).
60
What is (-70 - -281) + -239 - (-1 + 0 + -11)?
-16
Evaluate -3 - (-11 + -25 - 5) - (-28 - -40).
26
-1 + 77 + 26 + -34
68
What is the value of 36 - (-29 + -27 + 20 - -117)?
-45
What is the value of 27 + (-3 - (1 - -8 - (74 + -71))) + 3?
21
Calculate 11 - -29 - (36 + -18).
22
(-7 - -16 - -12) + -61 + 8
-32
(5 - (-17 - -3)) + 8 - -37
64
Calculate 45 + 5 + 69 + (6 - 106).
19
What is the value of (1 - 0) + (25 + -6 - 4 - -35)?
51
What is the value of -433 + 460 + -31 + 14?
10
What is 8 - ((2 - -3 - (13 + (14 - -11))) + 1)?
40
Calculate 42 - 1 - (1234 + -1199).
6
Evaluate -24 - (114 - (16 - -92)).
-30
(2 - -3) + 7 + -33 + -11 + 32
0
What is 80 + -64 - (-5 - -51) - 28?
-58
-42 - (38 - (136 + -15))
41
Calculate 45 - (567 + -505 + (-18 - 1)).
2
Evaluate -4 + 105 - (-1 - 11 - (-360 - -330)).
83
-54 - -40 - (28 - 6)
-36
Evaluate -4 - (-10 - (-2 - (-12 + 23) - -32)).
25
-31 + (-148 + 156 - (-3 - -31))
-51
Evaluate -26 + 6 - 11 - (1 + 3 + -13).
-22
What is -5 - (4 - (-2 + (17 - 32) + 74))?
48
What is the value of 68 + (-30 - 12) + 24?
50
Calculate (2 - (-11 - (-1 - (-1 - -1)))) + (273295 - 273410).
-103
Calculate -19 + 3 - -23 - (-3 - 3) - 27.
-14
What is the value of 45 + (69 + -54 - 107)?
-47
What is 3 + (-4 - -1) - (-2 + -11 + 22)?
-9
Calculate 33 + 62 + -44 + 14.
65
What is 1 + 12 + -76 - (-16 + (-4 - -5))?
-48
What is 4 - (29 - (15 + (-13 - -7) - 6)) - 2?
-24
What is the value of -83 - -8 - (-37 - 102)?
64
What is (131 - 121) + (-30 - -2)?
-18
What is the value of -15 - (21 + -6 + -64) - -4?
38
What is -6 + 14 + -11 + 10 + (-6 - -19 - -6)?
26
Evaluate (7 - (-17 - -34)) + (4 - (-3 + -1)).
-2
Calculate (510 - 603) + (2 - -48).
-43
What is the value of 4 + 19 + -8 + 10 + 0 + 128 + -213?
-60
What is the value of -1 + 12 - (49 + -69)?
31
-2 + (12 - (91 + (-14 - -4))) + 3
-68
What is the value of (-21 - (-38 - 20)) + -15 + -66 + -2 + -4?
-50
What is the value of (197 + -191 - (-1 + -1) - 58) + 3?
-47
Evaluate 27 + (30 - 54) - -17.
20
Evaluate (-6 - 0) + (17 - -4 - (-6 + -2)) + -9.
14
Evaluate (0 - -20) + (80 - (1 + 152)).
-53
What is the value of -16565 + 16566 + 0 + -88 + (-1 - 0)?
-88
3 - (12 + (25 + -79 - -26))
19
Evaluate -31 - 28 - 87 - -107.
-39
(-5677 - -5694) + 1 + 1 + -1
18
What is -29 + 70 + 1 + (1244 - 1255)?
31
(-30 - -18) + (48 + 1 - -2 - 11)
28
(132 - 26) + -13 + -52
41
Evaluate -150 + 253 + -5 + 1 + -8.
91
What is the value of (2155 - 2209) + (-1 - (-18 - 0))?
-37
Calculate -77 - (-104 - -39) - (9 + 3).
-24
-1 + -85 - (-2934 + 2860)
-12
Evaluate 10 + (-17 - (-7 + -3)) + (9 - -31) + 7.
50
Evaluate -5 + (-10 + 2 - -1) + 29 + -41.
-24
What is the value of (33 - 45) + -7 + -3 + 17?
-5
What i